sor of b and a?
1
Suppose 3*y - 63 = -12. Calculate the greatest common divisor of y and 34.
17
Let d(o) = o**2 - o - 7. Let t be d(-3). What is the highest common divisor of t and 40?
5
Let n be (-184)/(-20)*(4 + 1). Calculate the greatest common divisor of 23 and n.
23
Let i(b) = -b**2 - 7*b - 4. Let m be i(-6). Suppose -4*p + 5*l = -216 + 50, -5*p + m*l = -216. What is the highest common divisor of 22 and p?
22
Let w be (-1)/((-4)/(-3)) - (-19)/4. What is the greatest common divisor of 44 and w?
4
Suppose -11 = -3*t + 52. Suppose 5*i = 4*j + 35, -3*j = 2*i + 2*j + 19. What is the highest common divisor of t and i?
3
Let d(g) = g**3 + 2*g**2 - 2*g + 1. Let o be d(1). Let c(t) = -7 + t - 2*t + o. Let j be c(-9). Calculate the highest common divisor of 32 and j.
4
Let l(w) = w**2 - 14. Let j be l(-7). Calculate the greatest common factor of 315 and j.
35
Let w(d) = -3*d - 2. Let b(f) = -6*f - 5. Let m(k) = 2*b(k) - 5*w(k). Let n be m(7). Calculate the highest common divisor of n and 3.
3
Suppose -m - t = -0*t - 30, -58 = -2*m - t. Let j = -2 + 4. Suppose p - 5 - j = 0. Calculate the highest common factor of p and m.
7
Suppose p + 17 = 5*m, -2*m - 11 = -5*m + p. Let r = 244 + -241. What is the highest common factor of m and r?
3
Let t be (14*3)/(2 - 0). Calculate the greatest common divisor of t and 168.
21
Let q = 4 + 6. Let b be 45*8/96*24. Calculate the greatest common divisor of b and q.
10
Suppose -3*u = u - 4, p + 5*u = 23. Let i = p - 9. Calculate the highest common factor of 9 and i.
9
Let f = -42 + 86. Let k(t) = t + 13. Let g be k(-9). What is the highest common divisor of f and g?
4
Let m be (-75)/(-4) + 5/20. Suppose 13 = 4*g + 5, -5*h - 2*g = -m. Suppose -36 = -0*y - h*y. What is the greatest common factor of y and 18?
6
Suppose -5*x = -2*s - 206, 0 = 4*s + 3*x - 2*x + 390. Let c be s/(-6) - 2/6. Suppose g - 17 = 2*p + 127, -2*p = 0. What is the highest common factor of c and g?
16
Let a = 112 - 71. Let i = a + -27. Calculate the greatest common factor of 2 and i.
2
Let y(z) = 4*z + 28. Let n be y(11). What is the greatest common divisor of 48 and n?
24
Let a = 183 - 163. What is the greatest common divisor of 60 and a?
20
Suppose -2*q - 176 = -6*q. Let m(v) = -15*v - 8. Let i be m(-4). Let u be (i/(-65))/(1/(-5)). Calculate the greatest common factor of q and u.
4
Let k be 4/6*(5 - 2). Suppose 0 = k*l - 3*u - 30, -4*l + 2*u + 67 = -1. What is the highest common factor of l and 162?
18
Let w(v) = v**2 - 8*v - 9. Let f be w(9). Suppose -i + 2*i + 8 = f. Let x = 16 + i. Calculate the greatest common factor of 16 and x.
8
Let g(l) = -l**2 - 34*l + 6. Let s be g(-34). Calculate the highest common factor of s and 12.
6
Let u(f) = -f + 3. Let s(c) = -c - 2. Suppose 2 - 4 = -t, 0 = -3*p - 2*t + 22. Let x be s(p). Let i be u(x). What is the highest common divisor of i and 33?
11
Suppose 3*f + g - 88 = 0, 3*g - 54 = f - 3*f. Calculate the greatest common divisor of f and 90.
30
Let n = 452 + -232. What is the greatest common divisor of n and 20?
20
Let y(o) = 2*o**2 - 3*o + 2. Let u be y(2). Suppose -w = 3*w - 388. Suppose -w = -u*a + 43. What is the greatest common divisor of a and 14?
7
Let p be (-12)/(-9)*6/4. Let t = 5 - p. Let h be 33/t + (-1 - 0). Calculate the highest common divisor of 15 and h.
5
Let m be (-162)/15*(-15)/6. Calculate the highest common divisor of m and 3.
3
Suppose -j + 18 = -r, 27 = 4*j + r + 4*r. Calculate the greatest common divisor of j and 26.
13
Suppose 5*b = 569 + 151. What is the highest common factor of 36 and b?
36
Suppose 0*h + 4 = 2*h - 2*a, -5*a = 4*h - 8. Let d be -12*3/(-12)*h. Calculate the greatest common divisor of 36 and d.
6
Let m(a) = 12*a**3 + a**2 - a + 1. Let q be m(1). Suppose -19*p + 22*p = 12. Let g be p + -7 - -2*8. Calculate the highest common factor of g and q.
13
Let m(a) = -8*a - 4. Let j be m(-6). Let n be 2*53 - (-11 - -7). Calculate the highest common divisor of j and n.
22
Suppose 4*c = -2*l + 19 + 33, -l = 3*c - 21. What is the greatest common divisor of 90 and l?
18
Let r = -4 - -8. Suppose r*l - 8 - 8 = -4*g, -2*g - 37 = -3*l. Calculate the highest common factor of l and 63.
9
Let l be 4 + 0 - (7 - 17). Calculate the highest common divisor of 14 and l.
14
Let s be (-4)/(-14) + (-378)/(-49). Let w(z) = -z**3 + 7*z**2 + 10*z - 8. Let x be w(s). What is the greatest common divisor of x and 2?
2
Let y be (-45)/((7 - 3)/(-4)). Calculate the greatest common factor of y and 15.
15
Suppose 0 = 13*s - 12*s - 54. Calculate the highest common divisor of s and 36.
18
Let t = 130 - 104. Calculate the greatest common factor of 13 and t.
13
Let k(s) = -s**2 - 6*s. Let q be k(-3). Let v(x) = x**2 - 9*x + 7. Let n be v(q). What is the highest common factor of 28 and n?
7
Let x(i) = 9*i**2. Let v be x(1). Let w = -97 + 160. What is the greatest common divisor of w and v?
9
Let x be 12*1*(-1)/(-3). Suppose 4*t - 52 = -x*b, -18 = -3*t - 2*b + 21. What is the highest common factor of 13 and t?
13
Let d be 1*-2*(-18)/2. Let t = -142 + 232. What is the highest common factor of t and d?
18
Let g be (0 - 12/9)*-3. What is the highest common factor of 4 and g?
4
Let n(z) = -4*z + 1. Let v be n(-4). Suppose -3 + 11 = -2*r. Let b(y) = -15*y - 9. Let x be b(r). What is the greatest common divisor of v and x?
17
Suppose 0 = -5*b + 962 - 137. What is the highest common factor of 33 and b?
33
Suppose 0 = -2*o - 1 + 15. Calculate the highest common divisor of 7 and o.
7
Let b(m) = -m**2 - 15*m. Let q be b(-7). Suppose -q = -4*l - 20. Calculate the highest common divisor of l and 45.
9
Let q = 77 - 70. What is the highest common divisor of 14 and q?
7
Suppose 4*l + 2*x = 38, 2*x - 1 = 1. What is the highest common divisor of 90 and l?
9
Let c be (-20)/(-3) - (-6)/18. Suppose -2*m = f + 2*f + 21, f + 6 = -m. Let j be (-7)/(1/(0 + f)). Calculate the greatest common factor of j and c.
7
Let v(p) = -2*p**3 - 3*p**2 + 6*p + 14. Let y be v(-4). What is the highest common divisor of 40 and y?
10
Suppose -18*h = -6*h - 2184. Calculate the greatest common divisor of h and 52.
26
Suppose w = 3, y - 3*y + 4*w = 6. Suppose -560 = -2*s - y*s. Calculate the greatest common factor of 14 and s.
14
Let k = -47 + 80. Calculate the greatest common factor of k and 3.
3
Let p be (-2)/5 + (-2)/(-5). Suppose p = -5*q - 2*c - 16, -5*c = -2*q + 2 + 9. Let s be (2 + q - 3)*-3. What is the highest common divisor of 18 and s?
9
Suppose 6*c - 24 = 3*c. Suppose 5*f + 15 = p, 2*f - 48 = 3*p - c*p. What is the greatest common factor of 70 and p?
10
Let q be -1 + 3 + -4 + -8. Let k be (2 - 93/15)*q. What is the highest common factor of k and 14?
14
Let k(u) = 2*u**2 + 7*u + 2. Let h be k(-5). Let b be 1/4 - (-70)/8. Let a be ((-3)/(-1))/(b/204). What is the highest common divisor of a and h?
17
Suppose 0 = 3*y - 6, 0 = 4*u - y - 262 - 116. Calculate the greatest common factor of u and 19.
19
Let l be (-3706)/(-85) + 4/10. What is the greatest common factor of l and 66?
22
Suppose -f - 10 = -2*x, -4*x + 0*f + f + 24 = 0. What is the greatest common factor of 63 and x?
7
Let a(v) = 26*v + 3. Let n be a(2). What is the highest common divisor of n and 5?
5
Suppose 3*g - 5*g = -16. Let y = -3 - -7. What is the greatest common factor of g and y?
4
Let t be 62 + 2*(1 - 0). Suppose t = m + 3*m. What is the highest common factor of m and 32?
16
Let w = 110 + -85. Calculate the highest common divisor of w and 5.
5
Let z be (-2)/7 + (-1209)/(-91). Calculate the greatest common factor of z and 117.
13
Suppose -5*b - 3 = -2*t, -t + 4*b = -3*t + 48. What is the highest common factor of t and 7?
7
Suppose 0*m = -m + 1. Calculate the greatest common factor of 9 and m.
1
Let m(w) = w**3 + 7*w**2 - 4*w - 10. Let y be (-18)/(-81) - 65/9. Let g be m(y). What is the greatest common divisor of 2 and g?
2
Suppose -d - 20 = 2*o - 3*d, 0 = 2*d. Let k = o - -16. Calculate the greatest common divisor of 24 and k.
6
Let a be (-32*1)/(10/(-15)). Let b(d) = -d**2 - 8*d - 1. Let j be b(-7). Calculate the highest common divisor of a and j.
6
Let t(s) = s - 6. Let u be t(7). Let z be (-1)/(u/2) - -6. What is the greatest common factor of z and 1?
1
Let t = 15 + -7. Suppose -a + 32 = -t. What is the greatest common factor of a and 5?
5
Suppose -4*b = -0*b - 16. Suppose 0 